[INFO] fetching crate apollo-parser 0.5.3...
[INFO] checking apollo-parser-0.5.3 against master#e6e4f7ed1589e03bc2f6c5931c1a72e7947e8682 for beta-170-4
[INFO] extracting crate apollo-parser 0.5.3 into /workspace/builds/worker-1-tc2/source
[INFO] validating manifest of crates.io crate apollo-parser 0.5.3 on toolchain e6e4f7ed1589e03bc2f6c5931c1a72e7947e8682
[INFO] running `Command { std: CARGO_HOME="/workspace/cargo-home" RUSTUP_HOME="/workspace/rustup-home" "/workspace/cargo-home/bin/cargo" "+e6e4f7ed1589e03bc2f6c5931c1a72e7947e8682" "metadata" "--manifest-path" "Cargo.toml" "--no-deps", kill_on_drop: false }`
[INFO] started tweaking crates.io crate apollo-parser 0.5.3
[INFO] finished tweaking crates.io crate apollo-parser 0.5.3
[INFO] tweaked toml for crates.io crate apollo-parser 0.5.3 written to /workspace/builds/worker-1-tc2/source/Cargo.toml
[INFO] crate crates.io crate apollo-parser 0.5.3 already has a lockfile, it will not be regenerated
[INFO] running `Command { std: CARGO_HOME="/workspace/cargo-home" RUSTUP_HOME="/workspace/rustup-home" "/workspace/cargo-home/bin/cargo" "+e6e4f7ed1589e03bc2f6c5931c1a72e7947e8682" "fetch" "--manifest-path" "Cargo.toml", kill_on_drop: false }`
[INFO] running `Command { std: "docker" "create" "-v" "/var/lib/crater-agent-workspace/builds/worker-1-tc2/target:/opt/rustwide/target:rw,Z" "-v" "/var/lib/crater-agent-workspace/builds/worker-1-tc2/source:/opt/rustwide/workdir:ro,Z" "-v" "/var/lib/crater-agent-workspace/cargo-home:/opt/rustwide/cargo-home:ro,Z" "-v" "/var/lib/crater-agent-workspace/rustup-home:/opt/rustwide/rustup-home:ro,Z" "-e" "SOURCE_DIR=/opt/rustwide/workdir" "-e" "CARGO_TARGET_DIR=/opt/rustwide/target" "-e" "CARGO_HOME=/opt/rustwide/cargo-home" "-e" "RUSTUP_HOME=/opt/rustwide/rustup-home" "-w" "/opt/rustwide/workdir" "-m" "1610612736" "--user" "0:0" "--network" "none" "ghcr.io/rust-lang/crates-build-env/linux@sha256:19e73879b68f455e41552ea35293514db52ea292d993f571636dbffedb77a1ee" "/opt/rustwide/cargo-home/bin/cargo" "+e6e4f7ed1589e03bc2f6c5931c1a72e7947e8682" "metadata" "--no-deps" "--format-version=1", kill_on_drop: false }`
[INFO] [stdout] 257b9aa80c26e249bd9208e38f9ba64943435cdf6462f5a5fc638f07a47ce96d
[INFO] running `Command { std: "docker" "start" "-a" "257b9aa80c26e249bd9208e38f9ba64943435cdf6462f5a5fc638f07a47ce96d", kill_on_drop: false }`
[INFO] running `Command { std: "docker" "inspect" "257b9aa80c26e249bd9208e38f9ba64943435cdf6462f5a5fc638f07a47ce96d", kill_on_drop: false }`
[INFO] running `Command { std: "docker" "rm" "-f" "257b9aa80c26e249bd9208e38f9ba64943435cdf6462f5a5fc638f07a47ce96d", kill_on_drop: false }`
[INFO] [stdout] 257b9aa80c26e249bd9208e38f9ba64943435cdf6462f5a5fc638f07a47ce96d
[INFO] running `Command { std: "docker" "create" "-v" "/var/lib/crater-agent-workspace/builds/worker-1-tc2/target:/opt/rustwide/target:rw,Z" "-v" "/var/lib/crater-agent-workspace/builds/worker-1-tc2/source:/opt/rustwide/workdir:ro,Z" "-v" "/var/lib/crater-agent-workspace/cargo-home:/opt/rustwide/cargo-home:ro,Z" "-v" "/var/lib/crater-agent-workspace/rustup-home:/opt/rustwide/rustup-home:ro,Z" "-e" "SOURCE_DIR=/opt/rustwide/workdir" "-e" "CARGO_TARGET_DIR=/opt/rustwide/target" "-e" "CARGO_INCREMENTAL=0" "-e" "RUST_BACKTRACE=full" "-e" "RUSTFLAGS=--cap-lints=forbid" "-e" "RUSTDOCFLAGS=--cap-lints=forbid" "-e" "CARGO_HOME=/opt/rustwide/cargo-home" "-e" "RUSTUP_HOME=/opt/rustwide/rustup-home" "-w" "/opt/rustwide/workdir" "-m" "1610612736" "--user" "0:0" "--network" "none" "ghcr.io/rust-lang/crates-build-env/linux@sha256:19e73879b68f455e41552ea35293514db52ea292d993f571636dbffedb77a1ee" "/opt/rustwide/cargo-home/bin/cargo" "+e6e4f7ed1589e03bc2f6c5931c1a72e7947e8682" "check" "--frozen" "--all" "--all-targets" "--message-format=json", kill_on_drop: false }`
[INFO] [stdout] b7b98aa34b31626b4563b8b24fe0cee3c17822cd73fa7b6cc34740520a858429
[INFO] running `Command { std: "docker" "start" "-a" "b7b98aa34b31626b4563b8b24fe0cee3c17822cd73fa7b6cc34740520a858429", kill_on_drop: false }`
[INFO] [stderr]     Blocking waiting for file lock on package cache
[INFO] [stderr]    Compiling memchr v2.4.1
[INFO] [stderr]    Compiling libc v0.2.141
[INFO] [stderr]    Compiling memoffset v0.6.3
[INFO] [stderr]    Compiling syn v1.0.109
[INFO] [stderr]    Compiling serde v1.0.130
[INFO] [stderr]    Compiling semver v1.0.4
[INFO] [stderr]    Compiling crossbeam-utils v0.8.5
[INFO] [stderr]    Compiling thiserror v1.0.37
[INFO] [stderr]     Checking unicode-width v0.1.9
[INFO] [stderr]    Compiling ryu v1.0.6
[INFO] [stderr]    Compiling regex-syntax v0.6.25
[INFO] [stderr]    Compiling crossbeam-epoch v0.9.5
[INFO] [stderr]    Compiling rayon-core v1.9.1
[INFO] [stderr]     Checking hashbrown v0.12.3
[INFO] [stderr]    Compiling num-traits v0.2.14
[INFO] [stderr]    Compiling miniz_oxide v0.4.4
[INFO] [stderr]    Compiling cc v1.0.72
[INFO] [stderr]    Compiling serde_json v1.0.72
[INFO] [stderr]     Checking countme v3.0.1
[INFO] [stderr]     Checking either v1.6.1
[INFO] [stderr]     Checking text-size v1.1.0
[INFO] [stderr]     Checking rustc-hash v1.1.0
[INFO] [stderr]     Checking itoa v0.4.8
[INFO] [stderr]    Compiling rayon v1.5.1
[INFO] [stderr]     Checking plotters-backend v0.3.2
[INFO] [stderr]     Checking regex-automata v0.1.10
[INFO] [stderr]     Checking adler v1.0.2
[INFO] [stderr]     Checking crossbeam-channel v0.5.6
[INFO] [stderr]    Compiling serde_derive v1.0.130
[INFO] [stderr]    Compiling rustc_version v0.4.0
[INFO] [stderr]     Checking rowan v0.15.10
[INFO] [stderr]     Checking gimli v0.26.1
[INFO] [stderr]     Checking plotters-svg v0.3.1
[INFO] [stderr]     Checking object v0.27.1
[INFO] [stderr]     Checking aho-corasick v0.7.18
[INFO] [stderr]     Checking csv-core v0.1.10
[INFO] [stderr]     Checking crossbeam-deque v0.8.1
[INFO] [stderr]     Checking itertools v0.10.3
[INFO] [stderr]     Checking textwrap v0.11.0
[INFO] [stderr]    Compiling cast v0.2.7
[INFO] [stderr]    Compiling indexmap v1.9.2
[INFO] [stderr]     Checking atty v0.2.14
[INFO] [stderr]     Checking num_cpus v1.13.0
[INFO] [stderr]    Compiling anyhow v1.0.66
[INFO] [stderr]     Checking same-file v1.0.6
[INFO] [stderr]     Checking smawk v0.3.1
[INFO] [stderr]     Checking half v1.8.2
[INFO] [stderr]     Checking rustc-demangle v0.1.21
[INFO] [stderr]     Checking is_ci v1.1.1
[INFO] [stderr]    Compiling backtrace v0.3.63
[INFO] [stderr]     Checking supports-color v1.3.0
[INFO] [stderr]     Checking walkdir v2.3.2
[INFO] [stderr]     Checking supports-unicode v1.0.2
[INFO] [stderr]     Checking supports-hyperlinks v1.2.0
[INFO] [stderr]     Checking term_size v0.3.2
[INFO] [stderr]     Checking clap v2.33.3
[INFO] [stderr]     Checking plotters v0.3.1
[INFO] [stderr]     Checking owo-colors v2.1.0
[INFO] [stderr]     Checking diff v0.1.12
[INFO] [stderr]     Checking ansi_term v0.12.1
[INFO] [stderr]     Checking oorandom v11.1.3
[INFO] [stderr]     Checking dissimilar v1.0.3
[INFO] [stderr]     Checking pretty_assertions v0.7.2
[INFO] [stderr]    Compiling regex v1.5.4
[INFO] [stderr]     Checking expect-test v1.1.0
[INFO] [stderr]     Checking criterion-plot v0.4.4
[INFO] [stderr]     Checking annotate-snippets v0.9.1
[INFO] [stderr]     Checking unindent v0.1.7
[INFO] [stderr]     Checking addr2line v0.17.0
[INFO] [stderr]     Checking bstr v0.2.17
[INFO] [stderr]     Checking serde_cbor v0.11.2
[INFO] [stderr]    Compiling unicode-linebreak v0.1.2
[INFO] [stderr]     Checking csv v1.1.6
[INFO] [stderr]     Checking tinytemplate v1.2.1
[INFO] [stderr]    Compiling thiserror-impl v1.0.37
[INFO] [stderr]    Compiling miette-derive v3.2.0
[INFO] [stderr]     Checking apollo-parser v0.5.2
[INFO] [stderr]     Checking apollo-parser v0.5.3 (/opt/rustwide/workdir)
[INFO] [stderr]     Checking textwrap v0.14.2
[INFO] [stderr]     Checking miette v3.2.0
[INFO] [stderr]     Checking apollo-encoder v0.5.1
[INFO] [stderr]     Checking criterion v0.3.5
[INFO] [stdout] error[E0277]: the trait bound `apollo_encoder::Selection: From<apollo_parser::ast::Selection>` is not satisfied
[INFO] [stdout]   --> examples/modify_query_using_parser_and_encoder.rs:38:32
[INFO] [stdout]    |
[INFO] [stdout] 38 |                 .map(|sel| sel.try_into())
[INFO] [stdout]    |                                ^^^^^^^^ the trait `From<apollo_parser::ast::Selection>` is not implemented for `apollo_encoder::Selection`
[INFO] [stdout]    |
[INFO] [stdout]    = note: required for `apollo_parser::ast::Selection` to implement `Into<apollo_encoder::Selection>`
[INFO] [stdout]    = note: required for `apollo_encoder::Selection` to implement `TryFrom<apollo_parser::ast::Selection>`
[INFO] [stdout]    = note: required for `apollo_parser::ast::Selection` to implement `TryInto<apollo_encoder::Selection>`
[INFO] [stdout] 
[INFO] [stdout] 
[INFO] [stdout] error[E0277]: the trait bound `apollo_encoder::Field: From<apollo_parser::ast::Field>` is not satisfied
[INFO] [stdout]   --> examples/modify_query_using_parser_and_encoder.rs:89:47
[INFO] [stdout]    |
[INFO] [stdout] 89 | ...                   field.clone().try_into()?,
[INFO] [stdout]    |                                     ^^^^^^^^ the trait `From<apollo_parser::ast::Field>` is not implemented for `apollo_encoder::Field`
[INFO] [stdout]    |
[INFO] [stdout]    = note: required for `apollo_parser::ast::Field` to implement `Into<apollo_encoder::Field>`
[INFO] [stdout]    = note: required for `apollo_encoder::Field` to implement `TryFrom<apollo_parser::ast::Field>`
[INFO] [stdout]    = note: required for `apollo_parser::ast::Field` to implement `TryInto<apollo_encoder::Field>`
[INFO] [stdout] 
[INFO] [stdout] 
[INFO] [stdout] error[E0277]: the trait bound `apollo_encoder::Field: From<apollo_parser::ast::Field>` is not satisfied
[INFO] [stdout]   --> examples/modify_query_using_parser_and_encoder.rs:93:88
[INFO] [stdout]    |
[INFO] [stdout] 93 |                         selection_set.selection(apollo_encoder::Selection::Field(field.try_into()?))
[INFO] [stdout]    |                                                                                        ^^^^^^^^ the trait `From<apollo_parser::ast::Field>` is not implemented for `apollo_encoder::Field`
[INFO] [stdout]    |
[INFO] [stdout]    = note: required for `apollo_parser::ast::Field` to implement `Into<apollo_encoder::Field>`
[INFO] [stdout]    = note: required for `apollo_encoder::Field` to implement `TryFrom<apollo_parser::ast::Field>`
[INFO] [stdout]    = note: required for `apollo_parser::ast::Field` to implement `TryInto<apollo_encoder::Field>`
[INFO] [stdout] 
[INFO] [stdout] 
[INFO] [stdout] error[E0277]: the trait bound `apollo_encoder::Selection: From<apollo_parser::ast::Selection>` is not satisfied
[INFO] [stdout]   --> examples/modify_query_using_parser_and_encoder.rs:96:55
[INFO] [stdout]    |
[INFO] [stdout] 96 |                     selection_set.selection(selection.try_into()?)
[INFO] [stdout]    |                                                       ^^^^^^^^ the trait `From<apollo_parser::ast::Selection>` is not implemented for `apollo_encoder::Selection`
[INFO] [stdout]    |
[INFO] [stdout]    = note: required for `apollo_parser::ast::Selection` to implement `Into<apollo_encoder::Selection>`
[INFO] [stdout]    = note: required for `apollo_encoder::Selection` to implement `TryFrom<apollo_parser::ast::Selection>`
[INFO] [stdout]    = note: required for `apollo_parser::ast::Selection` to implement `TryInto<apollo_encoder::Selection>`
[INFO] [stdout] 
[INFO] [stdout] 
[INFO] [stdout] error[E0277]: the trait bound `apollo_encoder::OperationType: From<apollo_parser::ast::OperationType>` is not satisfied
[INFO] [stdout]    --> examples/modify_query_using_parser_and_encoder.rs:100:46
[INFO] [stdout]     |
[INFO] [stdout] 100 |                 op.operation_type().unwrap().try_into()?,
[INFO] [stdout]     |                                              ^^^^^^^^ the trait `From<apollo_parser::ast::OperationType>` is not implemented for `apollo_encoder::OperationType`
[INFO] [stdout]     |
[INFO] [stdout]     = note: required for `apollo_parser::ast::OperationType` to implement `Into<apollo_encoder::OperationType>`
[INFO] [stdout]     = note: required for `apollo_encoder::OperationType` to implement `TryFrom<apollo_parser::ast::OperationType>`
[INFO] [stdout]     = note: required for `apollo_parser::ast::OperationType` to implement `TryInto<apollo_encoder::OperationType>`
[INFO] [stdout] 
[INFO] [stdout] 
[INFO] [stdout] error[E0277]: the trait bound `apollo_encoder::FragmentDefinition: From<apollo_parser::ast::FragmentDefinition>` is not satisfied
[INFO] [stdout]    --> examples/modify_query_using_parser_and_encoder.rs:105:41
[INFO] [stdout]     |
[INFO] [stdout] 105 |             new_query.fragment(fragment.try_into()?);
[INFO] [stdout]     |                                         ^^^^^^^^ the trait `From<apollo_parser::ast::FragmentDefinition>` is not implemented for `apollo_encoder::FragmentDefinition`
[INFO] [stdout]     |
[INFO] [stdout]     = note: required for `apollo_parser::ast::FragmentDefinition` to implement `Into<apollo_encoder::FragmentDefinition>`
[INFO] [stdout]     = note: required for `apollo_encoder::FragmentDefinition` to implement `TryFrom<apollo_parser::ast::FragmentDefinition>`
[INFO] [stdout]     = note: required for `apollo_parser::ast::FragmentDefinition` to implement `TryInto<apollo_encoder::FragmentDefinition>`
[INFO] [stdout] 
[INFO] [stdout] 
[INFO] [stdout] error: aborting due to 6 previous errors
[INFO] [stdout] 
[INFO] [stdout] 
[INFO] [stdout] For more information about this error, try `rustc --explain E0277`.
[INFO] [stdout] 
[INFO] [stderr] error: could not compile `apollo-parser` (example "modify_query_using_parser_and_encoder") due to 7 previous errors
[INFO] [stderr] warning: build failed, waiting for other jobs to finish...
[INFO] running `Command { std: "docker" "inspect" "b7b98aa34b31626b4563b8b24fe0cee3c17822cd73fa7b6cc34740520a858429", kill_on_drop: false }`
[INFO] running `Command { std: "docker" "rm" "-f" "b7b98aa34b31626b4563b8b24fe0cee3c17822cd73fa7b6cc34740520a858429", kill_on_drop: false }`
[INFO] [stdout] b7b98aa34b31626b4563b8b24fe0cee3c17822cd73fa7b6cc34740520a858429
